
9
Let w(r) = 2*r**2 + 53*r - 118. Let f be w(-34). Let t = f - 328. What is the remainder when t is divided by 34?
30
Let h(m) = -3*m**3 - 10*m**2 - 16*m - 13. Let v be h(-7). Let r = -192 + v. Calculate the remainder when r is divided by 14.
12
Suppose -3*x - 6 = -0, 0 = -y + x + 19. Suppose -l - d + 38 = -0*l, 106 = 3*l + 5*d. Calculate the remainder when l is divided by y.
8
Let j = -86 + 116. Let x = -38 + 43. Suppose -2*u + 3*u + 27 = 2*s, x*s = 5*u + 55. What is the remainder when j is divided by s?
14
Suppose -74 + 788 = 6*k. Let r = -7 + 14. Suppose -82 = 5*y - r*y. What is the remainder when k is divided by y?
37
Let n(i) = 67*i**2 + 36*i + 3. What is the remainder when n(-2) is divided by 70?
59
Suppose -x = -5*o + 235, -x - 32 = -27. Calculate the remainder when 230 is divided by o.
0
Calculate the remainder when 506 is divided by (1 + 682/(-6))/((-188)/282).
168
Let d(w) = -w**3 + 65*w**2 + 133*w + 318. What is the remainder when d(67) is divided by 248?
3
Calculate the remainder when (-94270)/(-231) + 21 + 4/(-42) is divided by 127.
48
Suppose 4*t - 286 = -3*f, -2*f - 160 + 38 = -2*t. Calculate the remainder when 1336 is divided by t.
63
What is the remainder when 977 is divided by -106*(5 - 275/50)?
23
Suppose 0 = o - 12*m + 8*m + 16, 2*m - 18 = 0. Calculate the remainder when o is divided by 10.
0
Let h(u) = 39*u + 135. Let t be h(17). Suppose 0 = 2*m - 904 + t. What is the remainder when 257 is divided by m?
45
Let v(f) = f**3 + 11*f**2 + f + 16. Let g be v(-11). Let a(h) = 15 - 17*h + g*h**2 - 2*h**2 - h**2 + 0*h**2. Calculate the remainder when a(8) is divided by 5.
2
Let t(k) = k**2 - 3*k + 16. Suppose -2*m + 6 = u - 12, 0 = -u + 5*m + 4. Suppose -22 - u = -4*j. What is the remainder when t(j) is divided by 18?
16
Let u(d) = d**3 + 7*d**2 - 20*d - 15. Let r be u(-9). Suppose -3*v + 4*l = -52, -8*v + r*v + 108 = 4*l. Calculate the remainder when 97 is divided by v.
17
Let j = -33300 + 33362. Suppose 4*q - 132 = -4*m, -m = 5*q - 3*q - 66. Calculate the remainder when j is divided by q.
29
Let a = -246 + 137. Let k = -104 - a. What is the remainder when k is divided by 1?
0
Let k be (1/2)/((7/10)/7). Suppose k*t = 3*g - 33, -2*g + g = 5*t - 11. Let m = 5 + -1. What is the remainder when g is divided by m?
3
Let o(v) = -15*v + 49. Suppose -3*x = 6*f - f + 14, 0 = -4*f - 16. Calculate the remainder when 91 is divided by o(x).
15
Let f(a) = 238*a + 5. Let w be f(2). Suppose 0 = -5*y + 3*k + 775, -3*y + w = -0*k - 5*k. What is the remainder when y is divided by 4/16*-4*-31?
28
Let j = -191 - -168. What is the remainder when 196 is divided by -6 + (3 - 2) - j?
16
Let m be (1738/(-55))/(4/(-170)). Suppose -505 = 4*q + 2*o - m, -q - 3*o + 202 = 0. Calculate the remainder when q is divided by 36.
31
Let u(c) = 49*c - 2482. Let i(a) = 7*a - 4. Let b be i(4). Suppose -4*r - b + 208 = 0. What is the remainder when r is divided by u(51)?
12
Let c(g) = -3*g + 37. What is the remainder when 4 + 147 + -3 + 2/2 is divided by c(2)?
25
Let m = -57 - 532. Let q = m - -613. What is the remainder when 35 is divided by q?
11
Let z = 6273 + -5200. What is the remainder when 1079 is divided by z?
6
Suppose 3*j - 2*j = 5*y - 30, -2*y + 3*j = -25. Suppose -y*k - 5*o = -160, -4*o + 23 = 5*k - 133. What is the remainder when 43 is divided by k?
15
Suppose -8580 = -5*c - 8565. What is the remainder when 568 is divided by c?
1
Let t = 38 - 37. Suppose 3*l - 45 = 3. Calculate the remainder when 81 is divided by (l/20)/(t + 68/(-70)).
25
Suppose 3*o + 6 = 0, 0 = 4*f - 2*o - 12 + 48. Calculate the remainder when 73 is divided by 12/f + 9486/155.
13
Suppose 4*g = g - 33. Let k(x) = -3*x - 93 - x + 34 + 33. Calculate the remainder when k(g) is divided by 5.
3
Let n(w) = -13*w**3 + 4*w**2 - 2*w - 6. Let s be n(3). Let g = s + 370. Calculate the remainder when 385 is divided by g.
41
Let z be 13774/12 - ((-125)/30)/25. Suppose -r + 2*r - 1151 = -5*y, 2*r = 5*y - z. Calculate the remainder when y is divided by 26.
22
Suppose 7*u - 894 = 59 + 20. What is the remainder when u is divided by 27?
4
Let l(f) be the second derivative of f**2 - 1/3*f**3 - 8*f + 0. What is the remainder when 137 is divided by l(-6)?
11
Suppose 0 = 107*t - 3340 - 3615. What is the remainder when 302 is divided by t?
42
Let d be (-4)/18 - 6*84/(-81). Calculate the remainder when ((-92)/d)/(25/30)*-5 is divided by 31.
30
Let o = -30350 + 30653. What is the remainder when 900 is divided by o?
294
Suppose 3*i = -123 + 126. Calculate the remainder when 31/((-50)/(-15) + i + -4) is divided by 16.
13
Calculate the remainder when 8/7 + (-21712)/(-112) + -4 is divided by 80.
31
Let p = -65 - 130. Let b = p + 252. Calculate the remainder when 512 is divided by b.
56
Calculate the remainder when 1269 is divided by 100/12 - 372/1953*(-7)/2.
0
Let n = -56 + 74. Calculate the remainder when ((-21042)/4)/(-9)*(9 - 305/35) is divided by n.
5
Suppose -364 = -9*w + 113. Let a = -338 + 364. Calculate the remainder when w is divided by a.
1
Let k = 89 - 89. Let v(j) = 11 - 16 + 29 - 4*j. What is the remainder when 80 is divided by v(k)?
8
Let i = 7233 - 7206. What is the remainder when 108 is divided by i?
0
Let z(c) = -32*c - 66. Let j(w) = 11*w + 22. Let o(k) = -8*j(k) - 3*z(k). Let v be o(13). Let i = v + -82. What is the remainder when i is divided by 24?
20
Let d(x) = -x. Let y be d(-5). Let v be 34/221 + 304/52. What is the remainder when 31 is divided by 4/v*y/((-15)/(-72))?
15
Suppose a = -3*o + 146, -20*a + 15*a + 4*o + 730 = 0. Calculate the remainder when 442 is divided by a.
4
Suppose -807*d + 57919 + 61517 = 0. Suppose 0*y + 5*y = 255. Calculate the remainder when d is divided by y.
46
Suppose w = -85 - 26. Let s = 185 + w. Calculate the remainder when s is divided by (-346)/(-18) - 2/9.
17
Suppose 2*f + m - 501 = 529, 3*f + 4*m - 1550 = 0. Calculate the remainder when f is divided by 318.
196
Suppose -33*j + 34*j - 4*x - 114 = 0, 0 = 8*x. Calculate the remainder when j is divided by 57.
0
Suppose -48*i + 14792 + 6280 = 0. What is the remainder when 484 is divided by i?
45
Let r(a) = a**2 - 6*a + 30. Suppose -2*h - 4*j = -236, 546 = 3*h + 2*h - j. What is the remainder when h is divided by r(7)?
36
Let s = 9 - 2. Let l = 335 - 240. What is the remainder when l is divided by s?
4
Suppose 3*l - 3*j + 18 = 0, -j = -3*l - 6*j - 50. Let n(v) = v**2 - 5*v - 81. What is the remainder when 135 is divided by n(l)?
66
Let q be ((-3)/(-6)*-3)/(45/(-150)). Suppose 5*b - 7*b + 71 = q*o, 3*o = 2*b + 33. What is the remainder when 61 is divided by o?
9
Suppose 3*x - 12 - 13 = p, -5*p = 5*x - 35. What is the remainder when 49*7*8/98 is divided by x?
4
Let y(d) = d**3 + 4*d**2 + 3*d + 5. Let q be y(-3). Suppose 3 = -2*u + q. What is the remainder when u is divided by 21/12 - 12/16?
0
What is the remainder when 458 is divided by (-17806)/(-1479) + 2/(-51)?
2
Let c(q) = 5*q - 5. Let a = -8773 + 8786. Calculate the remainder when c(5) is divided by a.
7
Let p = 1586 + -1583. Calculate the remainder when 187 is divided by p.
1
Let q = -21199 + 21211. What is the remainder when 89 is divided by q?
5
Let r = 75 - 48. Suppose o + 9 = 2*d - 25, 0 = -d + 3*o + r. Calculate the remainder when 147 is divided by d.
12
Let i(f) = -251*f - 156. Suppose -5*d - 20*d - 75 = 0. What is the remainder when i(d) is divided by 12?
9
Let t be (-2019)/6 + -1 - (-11)/(-22). Let j = -336 - t. What is the remainder when 4 + 4/(-4) + 0 is divided by j?
1
Let h(a) = -17*a**3 + a**2 + 2*a. Let u be h(-1). Suppose -u*n = 10*n - 2678. Calculate the remainder when n is divided by 21.
19
Suppose 22*u - 456 = 30*u. Let i = u + 86. Let g(r) = r**3 + 8*r**2 - 10*r + 4. Calculate the remainder when g(-8) is divided by i.
26
Let y(q) = 7*q - 56. Let g(a) = -3*a + 27. Let t(v) = 10*g(v) + 4*y(v). What is the remainder when t(12) is divided by 12?
10
Calculate the remainder when 148 is divided by 141*(-2)/(-18)*9.
7
Suppose 5*h + g - 173 = 0, -10*h + 4*g + 20 + 278 = 0. Calculate the remainder when h is divided by 1/2*2 + 8.
6
Calculate the remainder when 60/42 + (-47271403)/(-791) is divided by 268.
267
Suppose 5*r + 4*h - 550 = 0, r + 114 - 248 = 4*h. Calculate the remainder when 558 is divided by r.
102
Let o = 5 - 8. What is the remainder when 2